{"id":538,"date":"2020-12-30T13:19:53","date_gmt":"2020-12-30T13:19:53","guid":{"rendered":"http:\/\/ecoscaping.brandtgruen.de\/?page_id=538"},"modified":"2021-08-07T10:32:37","modified_gmt":"2021-08-07T10:32:37","slug":"brandtgruen","status":"publish","type":"page","link":"https:\/\/ecoscaping.brandtgruen.de\/","title":{"rendered":"BRANDTGR\u00dcN"},"content":{"rendered":"\n<div style=\"height:50px\" aria-hidden=\"true\" class=\"wp-block-spacer\"><\/div>\n\n\n\n<h2 class=\"has-text-align-center\">Landschaft zu gestalten, empfinde ich als eine kreativ  sch\u00f6pferische T\u00e4tigkeit. Diese Arbeit bereitet mir in jeder Hinsicht viel Freude und Erf\u00fcllung. Mein wichtigstes Anliegen hierbei beinhaltet Nachhaltigkeit und deren wertige Umsetzung. <\/h2>\n\n\n\n<div style=\"height:70px\" aria-hidden=\"true\" class=\"wp-block-spacer\"><\/div>\n\n\n\n<p>Gute Kenntnisse \u00fcber Boden und Standort sind wichtige Voraussetzung daf\u00fcr. Hinzu kommen \u00e4sthetisch ansprechende Kombinationen von robusten Pflanzen und Wildpflanzengemeinschaften, die mit Farbe, \u00dcppigkeit und einem breiten Nahrungsspektrum ausger\u00e4umte Landschaftsteile neu beleben. <br><br>Meine Vision einer nachhaltigen Gestaltung: pflegeleichte, standortgerechte, \u00e4sthetisch ansprechende und gern auch essbare Pflanzungen, die mittels biozertifiziertem Saat- und Pflanzgut ausgef\u00fchrt werden. Vor allem im urbanen Raum sehe ich hier eine dringliche Notwendigkeit.<\/p>\n\n\n\n<p><strong>Gestalten wir gemeinsam Zukunft f\u00fcr uns als gro\u00dfes Ganzes: Biodiversit\u00e4t,  \u00c4sthetik, Leben.<\/strong><\/p>\n\n\n\n<div style=\"height:70px\" aria-hidden=\"true\" class=\"wp-block-spacer\"><\/div>\n\n\n\n<div class=\"wp-block-image\"><figure class=\"aligncenter size-large\"><img decoding=\"async\" loading=\"lazy\" width=\"845\" height=\"475\" src=\"http:\/\/ecoscaping.brandtgruen.de\/wp-content\/uploads\/2020\/12\/IMG_20180512_161916-845x475.jpg\" alt=\"\" class=\"wp-image-561\" srcset=\"https:\/\/ecoscaping.brandtgruen.de\/wp-content\/uploads\/2020\/12\/IMG_20180512_161916-845x475.jpg 845w, https:\/\/ecoscaping.brandtgruen.de\/wp-content\/uploads\/2020\/12\/IMG_20180512_161916-300x168.jpg 300w, https:\/\/ecoscaping.brandtgruen.de\/wp-content\/uploads\/2020\/12\/IMG_20180512_161916-768x431.jpg 768w, https:\/\/ecoscaping.brandtgruen.de\/wp-content\/uploads\/2020\/12\/IMG_20180512_161916-1536x863.jpg 1536w, https:\/\/ecoscaping.brandtgruen.de\/wp-content\/uploads\/2020\/12\/IMG_20180512_161916-2048x1150.jpg 2048w, https:\/\/ecoscaping.brandtgruen.de\/wp-content\/uploads\/2020\/12\/IMG_20180512_161916-1600x898.jpg 1600w\" sizes=\"(max-width: 845px) 100vw, 845px\" \/><\/figure><\/div>\n\n\n\n<div style=\"height:70px\" aria-hidden=\"true\" class=\"wp-block-spacer\"><\/div>\n\n\n\n<p>Mein Fokus liegt stets in einer nachhaltig praktikablen L\u00f6sung: gut umsetzbare Ausf\u00fchrungen, die mit reduziertem Technikeinsatz auskommen, um den Boden so gering wie m\u00f6glich zu beeintr\u00e4chtigen. Aus der Erfahrung heraus ist dies in vielen Bereichen schwer umzusetzen. Mit Fachplanung im Sinne einer Umweltbaubegleitung wird es aber jederzeit m\u00f6glich.<\/p>\n\n\n\n<p>Wenn der G\u00e4rtner kommt&#8230;<br>dann haben alle Maschinen und Schwerlaster bereits tage- und wochenlang die Baustelle bzw. den Boden zerfahren. Und das nicht nur einmal, sondern hunderte Male. Der Boden wird dadurch hochgradig verdichtet. Ich habe diesbez\u00fcglich ein neues Wort auf einer Baustelle gelernt: den Sommerfrost. <br>Dieser Zustand und die Selbstverst\u00e4ndlichkeit haben mich sehr betroffen gemacht.  Leittragende dieser Situation mit langanhaltenden Folgen sind die Bauherren. Sie sind mit der Situation auf dem Bau ausgelastet, die Rahmenbedingungen f\u00fcr die Au\u00dfenanlagen sind kaum \u00fcberschaubar, Grund und Boden dauerhaft gesch\u00e4digt. Es geht auch anders!<\/p>\n\n\n\n<p><strong>FAZIT: Ein rechtzeitiges Miteinander aller Beteiligten auf der Baustelle verringert erheblich die Kosten, spart zus\u00e4tzlichen Einsatz von Technik und wirkt sich auf den zu schaffenden Freiraum dauerhaft sp\u00fcrbar und positiv aus. <\/strong><\/p>\n\n\n\n<p>Hier unterst\u00fctze ich Sie mit Sach- und Fachverstand und bin beratend t\u00e4tig in allen umweltrelevanten Bereichen.<\/p>\n\n\n\n<div style=\"height:46px\" aria-hidden=\"true\" class=\"wp-block-spacer\"><\/div>\n\n\n\n<p><\/p>\n\n\n\n<div class=\"is-layout-flex wp-container-5 wp-block-columns\">\n<div class=\"is-layout-flow wp-block-column\" style=\"flex-basis:100%\">\n<div class=\"wp-block-image\"><figure class=\"aligncenter size-large is-resized\"><img decoding=\"async\" loading=\"lazy\" src=\"http:\/\/ecoscaping.brandtgruen.de\/wp-content\/uploads\/2020\/12\/IMG_20180903_142118-845x634.jpg\" alt=\"\" class=\"wp-image-575\" width=\"634\" height=\"476\" srcset=\"https:\/\/ecoscaping.brandtgruen.de\/wp-content\/uploads\/2020\/12\/IMG_20180903_142118-845x634.jpg 845w, https:\/\/ecoscaping.brandtgruen.de\/wp-content\/uploads\/2020\/12\/IMG_20180903_142118-300x225.jpg 300w, https:\/\/ecoscaping.brandtgruen.de\/wp-content\/uploads\/2020\/12\/IMG_20180903_142118-768x576.jpg 768w, https:\/\/ecoscaping.brandtgruen.de\/wp-content\/uploads\/2020\/12\/IMG_20180903_142118-1536x1152.jpg 1536w, https:\/\/ecoscaping.brandtgruen.de\/wp-content\/uploads\/2020\/12\/IMG_20180903_142118-2048x1536.jpg 2048w, https:\/\/ecoscaping.brandtgruen.de\/wp-content\/uploads\/2020\/12\/IMG_20180903_142118-1600x1200.jpg 1600w\" sizes=\"(max-width: 634px) 100vw, 634px\" \/><figcaption>Neulandgewinnung<\/figcaption><\/figure><\/div>\n\n\n\n<div class=\"is-layout-flex wp-container-3 wp-block-columns\">\n<div class=\"is-layout-flow wp-block-column\">\n<div class=\"wp-block-image\"><figure class=\"aligncenter size-large is-resized\"><img decoding=\"async\" loading=\"lazy\" src=\"http:\/\/ecoscaping.brandtgruen.de\/wp-content\/uploads\/2020\/11\/cropped-Seidenmohn_Bluete-845x634.jpg\" alt=\"\" class=\"wp-image-157\" width=\"423\" height=\"317\" srcset=\"https:\/\/ecoscaping.brandtgruen.de\/wp-content\/uploads\/2020\/11\/cropped-Seidenmohn_Bluete-845x634.jpg 845w, https:\/\/ecoscaping.brandtgruen.de\/wp-content\/uploads\/2020\/11\/cropped-Seidenmohn_Bluete-300x225.jpg 300w, https:\/\/ecoscaping.brandtgruen.de\/wp-content\/uploads\/2020\/11\/cropped-Seidenmohn_Bluete-768x576.jpg 768w, https:\/\/ecoscaping.brandtgruen.de\/wp-content\/uploads\/2020\/11\/cropped-Seidenmohn_Bluete-1536x1152.jpg 1536w, https:\/\/ecoscaping.brandtgruen.de\/wp-content\/uploads\/2020\/11\/cropped-Seidenmohn_Bluete-2048x1536.jpg 2048w, https:\/\/ecoscaping.brandtgruen.de\/wp-content\/uploads\/2020\/11\/cropped-Seidenmohn_Bluete-1600x1200.jpg 1600w\" sizes=\"(max-width: 423px) 100vw, 423px\" \/><figcaption>Ein Jahr sp\u00e4ter<\/figcaption><\/figure><\/div>\n<\/div>\n\n\n\n<div class=\"is-layout-flow wp-block-column\">\n<div class=\"wp-block-image\"><figure class=\"aligncenter size-large is-resized\"><img decoding=\"async\" loading=\"lazy\" src=\"http:\/\/ecoscaping.brandtgruen.de\/wp-content\/uploads\/2020\/12\/IMG_20200328_160718-845x634.jpg\" alt=\"\" class=\"wp-image-705\" width=\"423\" height=\"317\" srcset=\"https:\/\/ecoscaping.brandtgruen.de\/wp-content\/uploads\/2020\/12\/IMG_20200328_160718-845x634.jpg 845w, https:\/\/ecoscaping.brandtgruen.de\/wp-content\/uploads\/2020\/12\/IMG_20200328_160718-300x225.jpg 300w, https:\/\/ecoscaping.brandtgruen.de\/wp-content\/uploads\/2020\/12\/IMG_20200328_160718-768x576.jpg 768w, https:\/\/ecoscaping.brandtgruen.de\/wp-content\/uploads\/2020\/12\/IMG_20200328_160718-1536x1152.jpg 1536w, https:\/\/ecoscaping.brandtgruen.de\/wp-content\/uploads\/2020\/12\/IMG_20200328_160718-2048x1536.jpg 2048w, https:\/\/ecoscaping.brandtgruen.de\/wp-content\/uploads\/2020\/12\/IMG_20200328_160718-1600x1200.jpg 1600w\" sizes=\"(max-width: 423px) 100vw, 423px\" \/><figcaption>Viele Liebhaber finden hier ihre Nahrungs- und Lebensgrundlage.<\/figcaption><\/figure><\/div>\n<\/div>\n<\/div>\n<\/div>\n<\/div>\n\n\n\n<div class=\"wp-block-image\"><figure class=\"aligncenter size-large is-resized\"><img decoding=\"async\" loading=\"lazy\" src=\"http:\/\/ecoscaping.brandtgruen.de\/wp-content\/uploads\/2020\/12\/IMG_20200610_121105-768x1024.jpg\" alt=\"\" class=\"wp-image-698\" width=\"384\" height=\"512\" srcset=\"https:\/\/ecoscaping.brandtgruen.de\/wp-content\/uploads\/2020\/12\/IMG_20200610_121105-768x1024.jpg 768w, https:\/\/ecoscaping.brandtgruen.de\/wp-content\/uploads\/2020\/12\/IMG_20200610_121105-225x300.jpg 225w, https:\/\/ecoscaping.brandtgruen.de\/wp-content\/uploads\/2020\/12\/IMG_20200610_121105-1152x1536.jpg 1152w, https:\/\/ecoscaping.brandtgruen.de\/wp-content\/uploads\/2020\/12\/IMG_20200610_121105-1536x2048.jpg 1536w, https:\/\/ecoscaping.brandtgruen.de\/wp-content\/uploads\/2020\/12\/IMG_20200610_121105-1600x2133.jpg 1600w, https:\/\/ecoscaping.brandtgruen.de\/wp-content\/uploads\/2020\/12\/IMG_20200610_121105-scaled.jpg 1920w\" sizes=\"(max-width: 384px) 100vw, 384px\" \/><figcaption><br>Innerhalb kurzer Zeit entwickeln sich stabile Pflanzenkombinationen in zuvor ausger\u00e4umten Kulturlandschaften. <br><\/figcaption><\/figure><\/div>\n\n\n\n<figure class=\"wp-block-image is-style-default\"><img alt=\"\"\/><\/figure>\n\n\n\n<p><\/p>\n","protected":false},"excerpt":{"rendered":"<p>Landschaft zu gestalten, empfinde ich als eine kreativ sch\u00f6pferische T\u00e4tigkeit. Diese Arbeit bereitet mir in jeder Hinsicht viel Freude und&hellip;<\/p>\n","protected":false},"author":1,"featured_media":0,"parent":0,"menu_order":0,"comment_status":"closed","ping_status":"closed","template":"","meta":[],"_links":{"self":[{"href":"https:\/\/ecoscaping.brandtgruen.de\/index.php?rest_route=\/wp\/v2\/pages\/538"}],"collection":[{"href":"https:\/\/ecoscaping.brandtgruen.de\/index.php?rest_route=\/wp\/v2\/pages"}],"about":[{"href":"https:\/\/ecoscaping.brandtgruen.de\/index.php?rest_route=\/wp\/v2\/types\/page"}],"author":[{"embeddable":true,"href":"https:\/\/ecoscaping.brandtgruen.de\/index.php?rest_route=\/wp\/v2\/users\/1"}],"replies":[{"embeddable":true,"href":"https:\/\/ecoscaping.brandtgruen.de\/index.php?rest_route=%2Fwp%2Fv2%2Fcomments&post=538"}],"version-history":[{"count":46,"href":"https:\/\/ecoscaping.brandtgruen.de\/index.php?rest_route=\/wp\/v2\/pages\/538\/revisions"}],"predecessor-version":[{"id":1301,"href":"https:\/\/ecoscaping.brandtgruen.de\/index.php?rest_route=\/wp\/v2\/pages\/538\/revisions\/1301"}],"wp:attachment":[{"href":"https:\/\/ecoscaping.brandtgruen.de\/index.php?rest_route=%2Fwp%2Fv2%2Fmedia&parent=538"}],"curies":[{"name":"wp","href":"https:\/\/api.w.org\/{rel}","templated":true}]}}